?
True
Is 43 a factor of 300562642?
False
Does 8 divide 53651008?
True
Does 202 divide 491100050?
False
Does 263 divide 1285768339?
True
Does 3374 divide 193026540?
True
Does 192 divide 18920832?
True
Does 6 divide 26201820?
True
Is 1557 a factor of 78539751?
True
Is 1036 a factor of 1159535470?
False
Is 366229080 a multiple of 54?
True
Is 8432703 a multiple of 9?
True
Is 5 a factor of 4187849?
False
Is 7 a factor of 535464046?
False
Is 584 a factor of 2280957107?
False
Does 2546 divide 15155941?
False
Is 213509023 a multiple of 7?
True
Is 12 a factor of 14358828?
True
Does 5 divide 89620307?
False
Does 12 divide 14669124?
True
Is 204871086 a multiple of 27?
True
Is 130 a factor of 23419370?
True
Does 66 divide 98894175?
False
Does 127 divide 624729002?
True
Is 31834382 a multiple of 39?
False
Is 485 a factor of 881170137?
False
Does 1356 divide 1094329968?
True
Is 336 a factor of 111793128?
False
Is 280 a factor of 788569040?
True
Is 3393872500 a multiple of 1250?
True
Does 676 divide 2659006?
False
Does 28 divide 104626424?
True
Is 14 a factor of 12072264?
False
Does 51 divide 83573088?
True
Is 1447850 even?
True
Is 1725145770 a multiple of 144?
False
Is 1063620820 a multiple of 549?
False
Is 92752853 a multiple of 6?
False
Is 69 a factor of 376497672?
True
Is 291074969 a multiple of 1763?
False
Is 651 a factor of 1138086538?
False
Does 8 divide 398827336?
True
Is 13843392 a multiple of 257?
False
Is 111164046 a multiple of 3801?
True
Does 1335 divide 129438403?
False
Is 2437606283 a multiple of 718?
False
Is 168 a factor of 16426536?
True
Is 276 a factor of 783745712?
False
Is 15 a factor of 2483083987?
False
Does 1113 divide 796237643?
False
Does 1660 divide 651085200?
True
Does 9567 divide 1471882950?
True
Is 36 a factor of 18969660?
True
Is 100 a factor of 154761196?
False
Is 157 a factor of 13303238?
True
Is 562079232 a multiple of 1584?
True
Does 34 divide 622552168?
False
Does 942 divide 4449440?
False
Does 3468 divide 162500076?
True
Is 632 a factor of 3188714288?
True
Does 2337 divide 40291034?
False
Does 213 divide 225590430?
True
Is 11 a factor of 58696827?
False
Does 6 divide 629187297?
False
Is 718 a factor of 9989183?
False
Is 48446124 a multiple of 1972?
True
Is 16 a factor of 34681072?
True
Is 343120680 a multiple of 105?
True
Is 12 a factor of 158994864?
True
Is 277589238 a multiple of 6?
True
Is 194262178 a multiple of 714?
False
Does 1109 divide 63010572?
False
Is 60784524 a multiple of 36?
True
Is 2231 a factor of 204743331?
False
Is 126547967 a multiple of 79?
True
Is 49122941 a multiple of 3577?
True
Is 5 a factor of 448690335?
True
Is 22 a factor of 557300568?
True
Is 7 a factor of 22139712?
True
Is 1942362 a multiple of 174?
True
Is 1057 a factor of 80067274?
False
Is 4278376590 a multiple of 95?
False
Is 3 a factor of 10298379?
True
Is 43 a factor of 43779373?
False
Is 104 a factor of 190498070?
False
Is 1214 a factor of 128491815?
False
Is 40181021 a multiple of 436?
False
Is 63 a factor of 33129621?
True
Is 64750840 a multiple of 1540?
True
Does 1248 divide 165101963?
False
Is 89 a factor of 643260197?
False
Is 202268820 a multiple of 2532?
True
Is 7 a factor of 83484506?
True
Is 14932016 a multiple of 239?
False
Is 1290775542 a multiple of 1731?
True
Is 2341 a factor of 511171164?
False
Does 219 divide 2242864141?
False
Does 49 divide 1848739816?
True
Is 1021 a factor of 234443731?
False
Is 138431126 a multiple of 4125?
False
Is 18 a factor of 2270303?
False
Does 173 divide 487518671?
True
Is 151780244 a multiple of 452?
True
Is 79496459 a multiple of 805?
False
Does 19 divide 476005648?
False
Does 52 divide 1064608376?
True
Is 70 a factor of 14947248?
False
Is 11217833 a multiple of 700?
False
Does 293 divide 90520492?
False
Is 146 a factor of 3683726?
True
Does 2305 divide 24278565?
True
Does 6 divide 3096224856?
True
Is 55823563 a multiple of 18?
False
Is 52 a factor of 2961739838?
False
Is 18363975 a multiple of 665?
True
Does 110 divide 3360170?
True
Is 183311380 a multiple of 805?
True
Is 276 a factor of 301582716?
True
Is 1742199 a multiple of 621?
False
Is 27497876 a multiple of 28?
True
Is 49510490 a multiple of 230?
True
Does 36 divide 309381094?
False
Does 8 divide 59286464?
True
Does 28 divide 224929576?
False
Is 136771774 a multiple of 3?
False
Is 32844035 a multiple of 155?
True
Is 446793168 a multiple of 24?
True
Does 575 divide 8201994?
False
Is 951 a factor of 774774?
False
Does 380 divide 52477620?
True
Is 9721958 a multiple of 281?
False
Is 1235 a factor of 129515685?
True
Is 13 a factor of 5135507?
True
Is 903919062 a multiple of 404?
False
Is 234 a factor of 54394291?
False
Does 4017 divide 78803588?
False
Is 6 a factor of 144283967?
False
Is 65 a factor of 747540698?
False
Is 2160 a factor of 463336193?
False
Is 61297500 a multiple of 100?
True
Is 435 a factor of 33677971?
False
Does 193 divide 5794825?
True
Is 125 a factor of 266374750?
True
Is 39 a factor of 87887747?
False
Does 162 divide 10680336?
True
Is 5603 a factor of 2660155631?
False
Is 18679266 a multiple of 138?
True
Is 11216916 a multiple of 12?
True
Does 234 divide 10513620?
True
Does 103 divide 36251365?
True
Is 2115382209 a multiple of 26?
False
Is 2 a factor of 19837966?
True
Is 3 a factor of 13350129?
True
Does 643 divide 222431205?
False
Is 8600926 a multiple of 30?
False
Is 1540574159 a multiple of 482?
False
Does 3517 divide 79994165?
True
Is 226697 a multiple of 2?
False
Is 683268157 a multiple of 533?
True
Is 1568 a factor of 2616032384?
True
Does 2085 divide 2825621936?
False
Is 768794441 a multiple of 24?
False
Does 75 divide 3814571?
False
Is 520032843 a multiple of 341?
True
Does 163 divide 65180114?
True
Is 34672800 a multiple of 10?
True
Is 310674768 a multiple of 8?
True
Is 100 a factor of 80552614?
False
Does 982 divide 141721077?
False
Is 502 a factor of 49227465?
False
Is 915756407 a multiple of 12?
False
Is 10 a factor of 20105820?
True
Is 1682271312 a multiple of 16?
True
Does 785 divide 47450004?
False
Is 24935328 a multiple of 792?
True
Does 642 divide 1625800158?
True
Is 452005 a multiple of 115?
False
Is 175552201 a multiple of 6333?
False
Does 120 divide 2640691560?
True
Is 105 a factor of 29702291?
False
Is 2498 a factor of 53152444?
True
Is 3123 a factor of 411409972?
False
Does 11 divide 75393567?
False
Is 1342059 a multiple of 9?
False
Does 13 divide 2969656?
False
Is 798 a factor of 16302173?
False
Is 337005015 a multiple of 1219?
False
Is 237 a factor of 1184577903?
True
Does 240 divide 11170550?
False
Is 2313287 a multiple of 859?
True
Is 67 a factor of 3018819?
True
Does 65 divide 594575020?
True
Is 2578083 even?
False
Is 565038264 a multiple of 152?
True
Is 8501227 a multiple of 74?
False
Is 386649864 a multiple of 36?
True
Is 697402090 a multiple of 6?
False
Is 629290 a multiple of 35?
False
Does 7 divide 1731773134?
True
Is 181692042 a multiple of 138?
True
Does 21 divide 137834487?
True
Does 147 divide 210566481?
False
Is 6 a factor of 153144?
True
Is 15 a factor of 39744056?
False
Is 2638026281 a multiple of 9088?
False
Is 4215 a factor of 61960500?
True
Is 19 a factor of 202240598?
True
Is 9 a factor of 78021230?
False
Does 1813 divide 163637754?
True
Does 32 divide 15307442?
False
Does 215 divide 148991990?
True
Is 72 a factor of 243392054?
False
Is 1966 a factor of 3422806?
True
Does 553 divide 1513708254?
False
Is 54 a factor of 208325736?
True
Does 607 divide 19155447?
False
Does 9 divide 3579759?
True
Does 15 divide 162263903?
False
Is 534390668 a multiple of 70?
False
Is 135 a factor of 116620942?
False
Does 66 divide 408017703?
False
Is 1217219364 a multiple of 43?
False
Is 2631 a factor of 191342071?
False
Is 31 a factor of 238972?
False
Is 131 a factor of 36302151?
False
Is 43 a factor of 29427695?
True
Is 1052263600 a multiple of 1637?
True
Is 168029800 a multiple of 38?
False
Does 27 divide 4657142?
False
Is 172 a factor of 1566060?
True
Is 2210 a factor of 555868075?
False
Is 1512578 a multiple of 260?
False
Is 246 a factor of 187173528?
True
Is 10 a factor of 21175118?
False
Does 8799 divide 33277818?
True
Is 39 a factor of 16235453?
False
Is 1820 a factor of 843814935?
False
Is 291 a factor of 40797036?
True
Is 140 a factor of 4002871?
False
Is 4117 a factor of 282829666